. What are the prime factors of v?
3, 17, 103
Suppose -5*g + 8*g = -3*y + 35751, 5*y - 59621 = 4*g. List the prime factors of y.
7, 13, 131
Suppose 35*i - 33*i - 1464 = 0. Suppose 63*b = 57*b + i. List the prime factors of b.
2, 61
Let j = -189 - -191. What are the prime factors of j/6 - (-18456)/36?
3, 19
Let r be 13 - 17 - (-2 + (1901 - -2)). What are the prime factors of (-8*3/15)/(6/r)?
2, 127
What are the prime factors of (9/6)/((-14)/((-1568840)/30))?
13, 431
Let b(n) = -160*n**2 + 11*n - 10. Let a be b(1). Let k = a + 972. What are the prime factors of k?
3, 271
Let c(q) = -12*q - 14*q + 22*q + 3 + 131*q**2. Let d be (3 - 22/6)/(18/(-27)). What are the prime factors of c(d)?
2, 5, 13
Let l(m) = m**2 + m. Let n(c) = 3*c**2 - 13*c + 3 - 19*c + 20*c. Let j(w) = 4*l(w) + n(w). List the prime factors of j(6).
3, 23
Suppose -34*r + 2338 = -27*r. Let d = -229 + r. What are the prime factors of d?
3, 5, 7
Suppose -2*n = -5*g - n + 476, -284 = -3*g + n. Let i = -88 + g. Suppose -145 = 7*u - i*u. What are the prime factors of u?
5, 29
What are the prime factors of (328398/490)/(2/70)?
3, 7, 1117
Let j = -1248 + 1902. Let a = j - 374. What are the prime factors of a?
2, 5, 7
Let x be (-4)/1 - -26*2675/10. Suppose x = 4*t - 7*b + 2*b, -3473 = -2*t + 3*b. List the prime factors of t.
2, 109
Let d(g) = 1419*g + 107. What are the prime factors of d(2)?
5, 19, 31
Suppose -105 = 40*t - 45*t. Suppose -t*u + 3878 = -14*u. What are the prime factors of u?
2, 277
Suppose -10*s + 6*s - 2*m - 100 = 0, s + 25 = -2*m. Let o = s + 132. List the prime factors of o.
107
Let n(i) = 4*i**3 - 97*i**2 + 8*i - 7. What are the prime factors of n(29)?
2, 4051
Suppose 13092 = 5*l + y, 13374 - 2904 = 4*l - y. Suppose -5*z = -12*z + l. List the prime factors of z.
2, 11, 17
Let g(x) = 11*x**2 + 36*x - 44. What are the prime factors of g(15)?
2971
Let b be (0 - -6)*8/(-12) - 2. Let d be 1/(b/(-4)) - 21/(-9). Suppose 0 = 2*a, -3*k = -d*a + 2*a - 438. What are the prime factors of k?
2, 73
Suppose -4*x - 9 = -605. Let w = 6084 - 6019. Let f = x - w. List the prime factors of f.
2, 3, 7
Let h = 71576 - 41903. List the prime factors of h.
3, 7, 157
Suppose -4*f + f + 363 = 0. Let h(b) = -b**3 - 20*b**2 + 2*b - 3. Let y be h(-20). Let x = y + f. List the prime factors of x.
2, 3, 13
Let t(j) = 2*j**2 - 5. Let q be t(2). Suppose -q*i + 8*i + 10 = 0, 4*i = 2*c - 192. What are the prime factors of c?
2, 23
Let j(f) = -1433*f - 858. What are the prime factors of j(-15)?
3, 2293
Let f be 9 + (2 - 9)*1. Suppose 4*h = 4*z - 2484, -z + 5*h = f*h - 611. What are the prime factors of z?
2, 313
Let i = 368 + -337. Suppose i*a + 2*a - 56199 = 0. What are the prime factors of a?
13, 131
Let j be 2/11 - (-19)/(836/432). Let s(z) = -2*z**3 + 19 + 12*z**2 - 8*z + z**3 - 14. What are the prime factors of s(j)?
5
Let d(w) = w**3 + 9*w**2 + 68*w + 27. List the prime factors of d(12).
3, 1289
Let q(l) = 23267*l + 432. List the prime factors of q(1).
13, 1823
Let d = -65 - -67. Suppose q - 2*c = 6*q - 968, -q + 184 = -d*c. Suppose 2*k - q = 5*j, -4*j - 450 = -5*k + j. What are the prime factors of k?
2, 43
Suppose 7*j = 6*j - 6. Let o(z) = 60*z - 39. Let x(k) = 15*k - 10. Let n(l) = j*o(l) + 22*x(l). What are the prime factors of n(-5)?
2, 41
Let r = 123 + -114. Suppose 21 = -3*y + 2*y - 3*d, -4*y - r = -3*d. Let a = 224 + y. What are the prime factors of a?
2, 109
Suppose 0 = 35*x + 5*x - 55040. List the prime factors of x.
2, 43
Let d(b) = 87*b**2 - 22*b + 74. Let c = 85 - 82. What are the prime factors of d(c)?
7, 113
Suppose 628 - 1668 = -5*p. Suppose -1071 = -4*m + 3*s, 3*s = -2*m + p + 341. Let b = -180 + m. List the prime factors of b.
2, 3, 5
List the prime factors of (54/5)/((-38408)/(-7680) + 2 + -7).
2, 3
Suppose 7*y - 322 = -0*y. Suppose -3*w = -t - y, w - 13 = 5*t + 7. What are the prime factors of (5/w)/(2/(-334))*-3?
167
Suppose -5266 = -19*p + 4196. Suppose -5*w = 4*a - 412, -28*a + 23*a = 2*w - p. List the prime factors of a.
2, 7
Let y(u) = 2*u**3 - 3*u**2 + 2*u - 3. Let r be y(2). Suppose 91 = -4*t + r*a, t = 2*t - 4*a + 20. What are the prime factors of t/(-16)*(149/3 - 1)?
73
Let g(i) = -54*i - 403. Let y(t) = -2*t**2 + 73*t. Let n be y(37). What are the prime factors of g(n)?
5, 11, 29
Let h = 10706 + -5731. List the prime factors of h.
5, 199
Suppose -7*t - 4246 = -38028. Suppose -t = -9*q - 884. Let o = 653 - q. List the prime factors of o.
5, 43
Let x(d) = d - 2. Let m be x(3). Let s be m - (-2 - (-166)/((-4)/2)). Suppose -5*l = -8 - 2, -4*f = -3*l - s. List the prime factors of f.
23
Let q = -8 + -31. Let w be 2*(4 + (-71)/(-2)). Let r = w + q. List the prime factors of r.
2, 5
Let p(u) = -23872*u**3 - u**2 + 34*u + 34. List the prime factors of p(-1).
3, 73, 109
List the prime factors of ((-165)/(-1155) - (-50)/(-56))*(-56936)/2.
3, 11, 647
Suppose -12*g = -3370 - 5222. List the prime factors of g.
2, 179
What are the prime factors of (-6)/9*(-1717914)/44 + -11?
2, 13009
Let t = -39 - -49. Let k be ((-52)/t)/(-4 + (-54)/(-15)). Suppose 0 = 3*n + b - 593, 2*b + k + 377 = 2*n. List the prime factors of n.
197
Let a(x) = 3*x**2 - 62*x - 87. What are the prime factors of a(-17)?
2, 7, 131
Let s = 194 + -190. Suppose -5*m = -10, -s*t + 1138 = -3*m + 52. What are the prime factors of t?
3, 7, 13
Suppose 0 = -q - 7, 0*q + q - 21469 = -2*s. What are the prime factors of s?
2, 7, 13, 59
Let i be (-2 - 3)/(9 + -10). Suppose -4*d - 3*c + 18 = 0, 0*d + 2*c = i*d - 34. Let u = d - -48. List the prime factors of u.
2, 3
Suppose 0 = 2*p + 5*m - 682, 2*m + 1069 = 3*p - 2*m. Suppose c = -3*o + 806 + 254, 0 = o - 2*c - p. List the prime factors of o.
353
Let p(y) = 428*y + 56. List the prime factors of p(4).
2, 13, 17
Let z = -5677 + 5882. What are the prime factors of z?
5, 41
Let n = 1542 - -404. Suppose 11*a + 65 = n. What are the prime factors of a?
3, 19
Suppose -130824 = 39*y - 118*y. What are the prime factors of y?
2, 3, 23
Let l(x) = -15*x + 17. Let s be l(-12). Let p = 354 + s. List the prime factors of p.
19, 29
Let g(k) = -k**3 + 10*k**2 + 7. List the prime factors of g(0).
7
Suppose 4*b = 13 + 3. Suppose y - b*q + 7 = -11, 10 = 2*q. What are the prime factors of ((-488)/y)/(0 + -6 + 4)?
2, 61
Let q = -558 - -880. Let x = 553 - q. List the prime factors of x.
3, 7, 11
Suppose -10 = 3*j + r, -2 = -r + 3*r. Let d(t) = -2*t**2 - 6*t + 3. Let g be d(j). Suppose -341 = -g*b - n, 2*n + 559 = 5*b - n. List the prime factors of b.
113
Let k be (1 + -17)*7/28. What are the prime factors of -3*(-785)/(-30)*k?
2, 157
Let m(x) = -9*x**3 - 41*x**2 + 18*x - 5. Let o(l) = -5*l**3 - 21*l**2 + 9*l - 3. Let w(b) = -6*m(b) + 11*o(b). What are the prime factors of w(11)?
2, 191
Let h(q) = 180*q**2 + 3*q - 2. Let b be h(1). Suppose -179*f = -b*f + 104. What are the prime factors of f?
2, 13
Suppose -26341 - 125373 = -16*q + 13022. What are the prime factors of q?
2, 3, 11, 13
Let t(p) = -p**3 - 34*p**2 - 117*p - 192. List the prime factors of t(-41).
2, 4093
Let l = 91221 - 56042. List the prime factors of l.
127, 277
Suppose -5*z = -8*z + 54. Let c(w) = -w**3 + 19*w**2 - 19*w + 23. Let m be c(z). Suppose u - 80 = -m*s, 5*u + 2*s - 354 = -0*u. List the prime factors of u.
2, 5, 7
Suppose -5*r + 110 = -s, -6*s + 4*s - 31 = -r. Suppose -w = -47 - 50. Let o = w - r. List the prime factors of o.
2, 19
Let c be (-32)/80 - (-1054)/10. Suppose 17 = j - 63. Let r = c + j. What are the prime factors of r?
5, 37
Let o(d) = -d**2 - 8*d + 20. Let r be o(-8). Suppose 2*w = -2*w + r. List the prime factors of ((-194)/w)/(108/(-20) + 5).
97
Let x be (-4)/(-26) + ((-2036)/52 - 4). Let l = 94 + x. Suppose -5*s + l = -4. List the prime factors of s.
11
Suppose 9*a + 392 = 356. List the prime factors of (8 - 7)*-2750*a/10.
2, 5, 11
Let j(g) = -65*g - 167. Let c(o) = -64*o - 167. Let v(s) = -5*c(s) + 6*j(s). What are the prime factors of v(-6)?
11, 23
Suppose 705703 = 49*x + 128583 - 592412. List the prime factors of x.
2, 3, 13, 17
Let o(f) = -f**3 - 4*f**2 - 49*f - 56. Let x(n) = -n**2 - 10*n - 11. Let b(t) = 2*o(t) - 11*x(t). Suppose 69 - 41 = -7*z. What are the prime factors of b(z)?
137
List the prime factors of (1/(-3))/((-38)/((-963984)/(-4))).
2, 7, 151
Let g = -93 + 121. Let m(f) = 11*f + 42. What are the 